[INFO] cloning repository https://github.com/aisamanra/rust-closure-callback
[INFO] running `Command { std: "git" "-c" "credential.helper=" "-c" "credential.helper=/workspace/cargo-home/bin/git-credential-null" "clone" "--bare" "https://github.com/aisamanra/rust-closure-callback" "/workspace/cache/git-repos/https%3A%2F%2Fgithub.com%2Faisamanra%2Frust-closure-callback", kill_on_drop: false }`
[INFO] [stderr] Cloning into bare repository '/workspace/cache/git-repos/https%3A%2F%2Fgithub.com%2Faisamanra%2Frust-closure-callback'...
[INFO] running `Command { std: "git" "rev-parse" "HEAD", kill_on_drop: false }`
[INFO] [stdout] 970f140e60df2ac6fbf5d5993bc9a4c30dc4b0cc
[INFO] checking aisamanra/rust-closure-callback against master#cfbc6d4cf1acbac5c025acf8ed68929caa551df3 for pr-75494-beta
[INFO] running `Command { std: "git" "clone" "/workspace/cache/git-repos/https%3A%2F%2Fgithub.com%2Faisamanra%2Frust-closure-callback" "/workspace/builds/worker-7/source", kill_on_drop: false }`
[INFO] [stderr] Cloning into '/workspace/builds/worker-7/source'...
[INFO] [stderr] done.
[INFO] validating manifest of git repo https://github.com/aisamanra/rust-closure-callback on toolchain cfbc6d4cf1acbac5c025acf8ed68929caa551df3
[INFO] running `Command { std: "/workspace/cargo-home/bin/cargo" "+cfbc6d4cf1acbac5c025acf8ed68929caa551df3" "read-manifest" "--manifest-path" "Cargo.toml", kill_on_drop: false }`
[INFO] started tweaking git repo https://github.com/aisamanra/rust-closure-callback
[INFO] finished tweaking git repo https://github.com/aisamanra/rust-closure-callback
[INFO] tweaked toml for git repo https://github.com/aisamanra/rust-closure-callback written to /workspace/builds/worker-7/source/Cargo.toml
[INFO] crate git repo https://github.com/aisamanra/rust-closure-callback already has a lockfile, it will not be regenerated
[INFO] running `Command { std: "/workspace/cargo-home/bin/cargo" "+cfbc6d4cf1acbac5c025acf8ed68929caa551df3" "fetch" "--locked" "--manifest-path" "Cargo.toml", kill_on_drop: false }`
[INFO] [stderr]  Downloading crates ...
[INFO] [stderr]   Downloaded gcc v0.3.51
[INFO] running `Command { std: "docker" "create" "-v" "/var/lib/crater-agent-workspace/builds/worker-7/target:/opt/rustwide/target:rw,Z" "-v" "/var/lib/crater-agent-workspace/builds/worker-7/source:/opt/rustwide/workdir:ro,Z" "-v" "/var/lib/crater-agent-workspace/cargo-home:/opt/rustwide/cargo-home:ro,Z" "-v" "/var/lib/crater-agent-workspace/rustup-home:/opt/rustwide/rustup-home:ro,Z" "-e" "SOURCE_DIR=/opt/rustwide/workdir" "-e" "CARGO_TARGET_DIR=/opt/rustwide/target" "-e" "CARGO_HOME=/opt/rustwide/cargo-home" "-e" "RUSTUP_HOME=/opt/rustwide/rustup-home" "-w" "/opt/rustwide/workdir" "-m" "1610612736" "--user" "0:0" "--network" "none" "rustops/crates-build-env@sha256:a636fd89d022f18117e1dc8fb37a0a009933cdbbe082814857f0e2024962d47c" "/opt/rustwide/cargo-home/bin/cargo" "+cfbc6d4cf1acbac5c025acf8ed68929caa551df3" "metadata" "--no-deps" "--format-version=1", kill_on_drop: false }`
[INFO] [stdout] f61a30cb21b2246dfdc3fb812d619c4f305c22c27596b4c6dc8930f6fb4fae24
[INFO] [stderr] WARNING: Your kernel does not support swap limit capabilities or the cgroup is not mounted. Memory limited without swap.
[INFO] running `Command { std: "docker" "start" "-a" "f61a30cb21b2246dfdc3fb812d619c4f305c22c27596b4c6dc8930f6fb4fae24", kill_on_drop: false }`
[INFO] running `Command { std: "docker" "inspect" "f61a30cb21b2246dfdc3fb812d619c4f305c22c27596b4c6dc8930f6fb4fae24", kill_on_drop: false }`
[INFO] running `Command { std: "docker" "rm" "-f" "f61a30cb21b2246dfdc3fb812d619c4f305c22c27596b4c6dc8930f6fb4fae24", kill_on_drop: false }`
[INFO] [stdout] f61a30cb21b2246dfdc3fb812d619c4f305c22c27596b4c6dc8930f6fb4fae24
[INFO] running `Command { std: "docker" "create" "-v" "/var/lib/crater-agent-workspace/builds/worker-7/target:/opt/rustwide/target:rw,Z" "-v" "/var/lib/crater-agent-workspace/builds/worker-7/source:/opt/rustwide/workdir:ro,Z" "-v" "/var/lib/crater-agent-workspace/cargo-home:/opt/rustwide/cargo-home:ro,Z" "-v" "/var/lib/crater-agent-workspace/rustup-home:/opt/rustwide/rustup-home:ro,Z" "-e" "SOURCE_DIR=/opt/rustwide/workdir" "-e" "CARGO_TARGET_DIR=/opt/rustwide/target" "-e" "CARGO_INCREMENTAL=0" "-e" "RUST_BACKTRACE=full" "-e" "RUSTFLAGS=--cap-lints=forbid" "-e" "CARGO_HOME=/opt/rustwide/cargo-home" "-e" "RUSTUP_HOME=/opt/rustwide/rustup-home" "-w" "/opt/rustwide/workdir" "-m" "1610612736" "--user" "0:0" "--network" "none" "rustops/crates-build-env@sha256:a636fd89d022f18117e1dc8fb37a0a009933cdbbe082814857f0e2024962d47c" "/opt/rustwide/cargo-home/bin/cargo" "+cfbc6d4cf1acbac5c025acf8ed68929caa551df3" "check" "--frozen" "--all" "--all-targets" "--message-format=json", kill_on_drop: false }`
[INFO] [stdout] 879c8f98f1e999d8fba7299f1c2480f8ad131610a81d3c39aaecb8309c8b79c3
[INFO] [stderr] WARNING: Your kernel does not support swap limit capabilities or the cgroup is not mounted. Memory limited without swap.
[INFO] running `Command { std: "docker" "start" "-a" "879c8f98f1e999d8fba7299f1c2480f8ad131610a81d3c39aaecb8309c8b79c3", kill_on_drop: false }`
[INFO] [stderr]    Compiling cb v0.1.0 (/opt/rustwide/workdir)
[INFO] [stdout] error[E0554]: `#![feature]` may not be used on the beta release channel
[INFO] [stdout]   --> src/main.rs:13:1
[INFO] [stdout]    |
[INFO] [stdout] 13 | #![feature(libc)]
[INFO] [stdout]    | ^^^^^^^^^^^^^^^^^
[INFO] [stdout] 
[INFO] [stdout] 
[INFO] [stdout] warning: trait objects without an explicit `dyn` are deprecated
[INFO] [stdout]   --> src/main.rs:53:32
[INFO] [stdout]    |
[INFO] [stdout] 53 |     let mut payload: &mut (Box<Fn(&mut Thingy, i32) -> ()>, &mut Thingy) =
[INFO] [stdout]    |                                ^^^^^^^^^^^^^^^^^^^^^^^^^^ help: use `dyn`: `dyn Fn(&mut Thingy, i32) -> ()`
[INFO] [stdout]    |
[INFO] [stdout]    = note: `#[warn(bare_trait_objects)]` on by default
[INFO] [stdout] 
[INFO] [stdout] 
[INFO] [stdout] warning: trait objects without an explicit `dyn` are deprecated
[INFO] [stdout]   --> src/main.rs:70:32
[INFO] [stdout]    |
[INFO] [stdout] 70 |         let boxed_cb: Box<(Box<Fn(&mut Thingy, i32)>, &mut Thingy)> =
[INFO] [stdout]    |                                ^^^^^^^^^^^^^^^^^^^^ help: use `dyn`: `dyn Fn(&mut Thingy, i32)`
[INFO] [stdout] 
[INFO] [stdout] 
[INFO] [stdout] error[E0658]: use of unstable library feature 'rustc_private': this crate is being loaded from the sysroot, an unstable location; did you mean to load this crate from crates.io via `Cargo.toml` instead?
[INFO] [stdout]   --> src/main.rs:14:1
[INFO] [stdout]    |
[INFO] [stdout] 14 | extern crate libc;
[INFO] [stdout]    | ^^^^^^^^^^^^^^^^^^
[INFO] [stdout]    |
[INFO] [stdout]    = note: see issue #27812 <https://github.com/rust-lang/rust/issues/27812> for more information
[INFO] [stdout] 
[INFO] [stdout] 
[INFO] [stdout] error[E0658]: use of unstable library feature 'rustc_private': this crate is being loaded from the sysroot, an unstable location; did you mean to load this crate from crates.io via `Cargo.toml` instead?
[INFO] [stdout]   --> src/main.rs:16:5
[INFO] [stdout]    |
[INFO] [stdout] 16 | use libc::*;
[INFO] [stdout]    |     ^^^^
[INFO] [stdout]    |
[INFO] [stdout]    = note: see issue #27812 <https://github.com/rust-lang/rust/issues/27812> for more information
[INFO] [stdout] 
[INFO] [stdout] 
[INFO] [stdout] error[E0554]: `#![feature]` may not be used on the beta release channel
[INFO] [stdout]   --> src/main.rs:13:1
[INFO] [stdout]    |
[INFO] [stdout] 13 | #![feature(libc)]
[INFO] [stdout]    | ^^^^^^^^^^^^^^^^^
[INFO] [stdout] 
[INFO] [stdout] 
[INFO] [stdout] warning: trait objects without an explicit `dyn` are deprecated
[INFO] [stdout]   --> src/main.rs:53:32
[INFO] [stdout]    |
[INFO] [stdout] 53 |     let mut payload: &mut (Box<Fn(&mut Thingy, i32) -> ()>, &mut Thingy) =
[INFO] [stdout]    |                                ^^^^^^^^^^^^^^^^^^^^^^^^^^ help: use `dyn`: `dyn Fn(&mut Thingy, i32) -> ()`
[INFO] [stdout]    |
[INFO] [stdout]    = note: `#[warn(bare_trait_objects)]` on by default
[INFO] [stdout] 
[INFO] [stdout] 
[INFO] [stdout] warning: trait objects without an explicit `dyn` are deprecated
[INFO] [stdout]   --> src/main.rs:70:32
[INFO] [stdout]    |
[INFO] [stdout] 70 |         let boxed_cb: Box<(Box<Fn(&mut Thingy, i32)>, &mut Thingy)> =
[INFO] [stdout]    |                                ^^^^^^^^^^^^^^^^^^^^ help: use `dyn`: `dyn Fn(&mut Thingy, i32)`
[INFO] [stdout] 
[INFO] [stdout] 
[INFO] [stdout] error[E0658]: use of unstable library feature 'rustc_private': this crate is being loaded from the sysroot, an unstable location; did you mean to load this crate from crates.io via `Cargo.toml` instead?
[INFO] [stdout]   --> src/main.rs:14:1
[INFO] [stdout]    |
[INFO] [stdout] 14 | extern crate libc;
[INFO] [stdout]    | ^^^^^^^^^^^^^^^^^^
[INFO] [stdout]    |
[INFO] [stdout]    = note: see issue #27812 <https://github.com/rust-lang/rust/issues/27812> for more information
[INFO] [stdout] 
[INFO] [stdout] 
[INFO] [stdout] error[E0658]: use of unstable library feature 'rustc_private': this crate is being loaded from the sysroot, an unstable location; did you mean to load this crate from crates.io via `Cargo.toml` instead?
[INFO] [stdout]   --> src/main.rs:16:5
[INFO] [stdout]    |
[INFO] [stdout] 16 | use libc::*;
[INFO] [stdout]    |     ^^^^
[INFO] [stdout]    |
[INFO] [stdout]    = note: see issue #27812 <https://github.com/rust-lang/rust/issues/27812> for more information
[INFO] [stdout] 
[INFO] [stdout] 
[INFO] [stdout] error: aborting due to 3 previous errors; 2 warnings emitted
[INFO] [stdout] 
[INFO] [stdout] 
[INFO] [stdout] Some errors have detailed explanations: E0554, E0658.
[INFO] [stdout] 
[INFO] [stdout] For more information about an error, try `rustc --explain E0554`.
[INFO] [stdout] 
[INFO] [stderr] error: could not compile `cb`.
[INFO] [stderr] 
[INFO] [stderr] To learn more, run the command again with --verbose.
[INFO] [stderr] warning: build failed, waiting for other jobs to finish...
[INFO] [stdout] error: aborting due to 3 previous errors; 2 warnings emitted
[INFO] [stdout] 
[INFO] [stdout] 
[INFO] [stdout] Some errors have detailed explanations: E0554, E0658.
[INFO] [stdout] 
[INFO] [stdout] For more information about an error, try `rustc --explain E0554`.
[INFO] [stdout] 
[INFO] [stderr] error: build failed
[INFO] running `Command { std: "docker" "inspect" "879c8f98f1e999d8fba7299f1c2480f8ad131610a81d3c39aaecb8309c8b79c3", kill_on_drop: false }`
[INFO] running `Command { std: "docker" "rm" "-f" "879c8f98f1e999d8fba7299f1c2480f8ad131610a81d3c39aaecb8309c8b79c3", kill_on_drop: false }`
[INFO] [stdout] 879c8f98f1e999d8fba7299f1c2480f8ad131610a81d3c39aaecb8309c8b79c3
